number?
False
Is 56440526579 a prime number?
True
Is 14813784943 a prime number?
True
Is 324565831 a composite number?
True
Is 2747652839 a prime number?
True
Is 4094054513 a composite number?
False
Is 1952119957 a composite number?
False
Is 2400424307 prime?
True
Is 727313687 a prime number?
True
Is 16958799889 prime?
True
Is 2761707701 a prime number?
True
Is 3190081711 a composite number?
True
Is 57461293741 prime?
False
Is 15329785871 prime?
True
Is 7750502483 composite?
False
Is 10036230079 a prime number?
False
Is 2883189991 composite?
True
Is 1025386891 composite?
False
Is 1190781869 prime?
True
Is 10481239 a composite number?
False
Is 1001160341 a prime number?
True
Is 792975223 composite?
False
Is 12923630807 composite?
False
Is 508372099 a composite number?
True
Is 462081889 a prime number?
True
Is 127613621 prime?
False
Is 132179566822 composite?
True
Is 1757073961 a composite number?
True
Is 171651220465 a prime number?
False
Is 1417539947 composite?
True
Is 7106577481 composite?
True
Is 952566011 a prime number?
True
Is 7978285423 a composite number?
True
Is 70960969931 prime?
True
Is 657119021 prime?
False
Is 4625331949 prime?
False
Is 38705123 composite?
True
Is 25247342383 a prime number?
False
Is 385951043 composite?
True
Is 17852547701 composite?
False
Is 1847404441 composite?
True
Is 6167392931 a prime number?
False
Is 81486150797 prime?
False
Is 18958772291 a composite number?
True
Is 39912363926 a composite number?
True
Is 106929563 prime?
False
Is 6507512171 a prime number?
False
Is 120083843 prime?
False
Is 28716514399 a prime number?
True
Is 68847512593 a prime number?
False
Is 7002301 a prime number?
False
Is 3737459699 prime?
False
Is 8124747053 a prime number?
True
Is 920775407 a composite number?
True
Is 1555351334 composite?
True
Is 251408177 a prime number?
False
Is 1468410943 composite?
True
Is 149822047 composite?
False
Is 684457419 a prime number?
False
Is 3283403261 composite?
True
Is 11089600219 prime?
False
Is 1044303917 composite?
False
Is 10362129431 composite?
False
Is 35212300993 a composite number?
False
Is 9795186503 composite?
False
Is 82160171 a prime number?
True
Is 13814594357 a prime number?
False
Is 572818721 a composite number?
True
Is 96890999 a prime number?
False
Is 2827885237 a prime number?
False
Is 60668977879 a composite number?
True
Is 8799016673 composite?
False
Is 27675473941 a prime number?
False
Is 18426783301 a composite number?
True
Is 3129585101 a composite number?
False
Is 1053181183 a composite number?
False
Is 4713272453 prime?
False
Is 57787693 composite?
True
Is 13463933233 composite?
False
Is 296025701 a prime number?
True
Is 26514123017 prime?
True
Is 1592845477 a composite number?
True
Is 21153074611 a composite number?
False
Is 13474927 a composite number?
True
Is 4634591179 prime?
True
Is 2680509829 a prime number?
False
Is 83002819693 a prime number?
False
Is 855386599 a prime number?
True
Is 6317480623 a prime number?
True
Is 124848696571 a prime number?
True
Is 1393522853 a composite number?
False
Is 180983017 a prime number?
True
Is 32370782819 a prime number?
False
Is 14692287031 a prime number?
False
Is 214019833 a prime number?
True
Is 1012568839 prime?
False
Is 23647377707 prime?
False
Is 263307227 composite?
True
Is 8400808127 composite?
False
Is 36422537797 a prime number?
True
Is 64648835294 a composite number?
True
Is 26500318193 composite?
True
Is 1395503297 a composite number?
True
Is 1733336681 composite?
False
Is 1886040067 a composite number?
False
Is 1354078997 composite?
True
Is 1914720823 composite?
False
Is 43801959569 composite?
True
Is 114361390411 composite?
False
Is 1409525983 a prime number?
True
Is 137526167 composite?
False
Is 5470634747 prime?
False
Is 4389383569 a prime number?
False
Is 2259050987 prime?
True
Is 1454319059 a composite number?
False
Is 309232901743 composite?
True
Is 10457809339 a prime number?
True
Is 244305109 prime?
True
Is 5214874463 prime?
False
Is 2218857479 a prime number?
False
Is 2790434707 a composite number?
False
Is 92722364089 prime?
True
Is 5933276977 a prime number?
True
Is 298087403 prime?
True
Is 10758010643 composite?
False
Is 327119747 a prime number?
True
Is 276156427 composite?
True
Is 177958103 composite?
True
Is 47106093082 a prime number?
False
Is 370785842309 a composite number?
False
Is 1844203883 a composite number?
True
Is 51591392317 composite?
False
Is 121672318681 prime?
True
Is 622805627 a composite number?
False
Is 17670588619 a prime number?
True
Is 1535270551 composite?
False
Is 8227949659 a composite number?
True
Is 577290709 composite?
True
Is 2492631979 a composite number?
False
Is 396580643 composite?
True
Is 930192173 prime?
False
Is 10853625803 prime?
False
Is 46492735103 a prime number?
False
Is 34608421163 composite?
False
Is 205158923 a composite number?
True
Is 20277094 a composite number?
True
Is 62830441 prime?
False
Is 14803765591 a prime number?
True
Is 54377005279 a composite number?
True
Is 96003770009 prime?
False
Is 627437429 a prime number?
True
Is 1397192521 composite?
True
Is 487340779 prime?
True
Is 5015408669 a composite number?
False
Is 527611321 composite?
True
Is 1453183019 a composite number?
True
Is 10538677307 prime?
False
Is 1828541053 a composite number?
False
Is 233329981 prime?
False
Is 1740062923 composite?
False
Is 4474542497 composite?
True
Is 58215126293 prime?
True
Is 2162357737 prime?
False
Is 551186809 a prime number?
True
Is 1494945029 a prime number?
True
Is 735064577 a prime number?
False
Is 22599767 prime?
False
Is 2482960327 prime?
True
Is 3927622423 a prime number?
True
Is 1753475963 a composite number?
True
Is 27532171915 composite?
True
Is 1565279 a prime number?
False
Is 2387677317 a composite number?
True
Is 17110341295 composite?
True
Is 25301893753 prime?
True
Is 250099807 a composite number?
True
Is 1956769211 prime?
False
Is 34955979109 prime?
True
Is 8213531 composite?
False
Is 481517833 a composite number?
True
Is 23238281193 a composite number?
True
Is 75078135551 composite?
False
Is 4832112151 prime?
True
Is 6580623067 composite?
False
Is 275868661681 a composite number?
False
Is 20687129341 prime?
False
Is 4151429617 a composite number?
False
Is 44420396003 prime?
True
Is 62801295701 a prime number?
True
Is 12591350221 composite?
False
Is 18798971403 a composite number?
True
Is 1970784791 composite?
False
Is 9554295539 a composite number?
False
Is 116614193783 a prime number?
False
Is 263976893 composite?
True
Is 48172996661 prime?
False
Is 1756700351 prime?
False
Is 9808045061 a composite number?
True
Is 5976611573 a composite number?
False
Is 6986479 prime?
False
Is 1288045679 composite?
True
Is 1199002111 prime?
True
Is 11194434451 prime?
True
Is 71435634757 composite?
True
Is 7360799749 a composite number?
True
Is 35671587923 composite?
True
Is 5716478369 a prime number?
False
Is 1433169467 a prime number?
False
Is 795873931 a prime number?
True
Is 978207089 composite?
True
Is 23155336753 composite?
True
Is 1703792213 a composite number?
True
Is 2434402381 a prime number?
True
Is 3216765469 prime?
True
Is 669987403 a composite number?
True
Is 43421767 prime?
True
Is 13573477 composite?
False
Is 38620692237 a composite number?
True
Is 1237980547 a composite number?
False
Is 230127293 composite?
True
Is 13218132391 composite?
False
Is 873590111 composite?
False
Is 13315423897 prime?
False
Is 330299621851 a composite number?
False
Is 1357471441 composite?
True
Is 1619593759 prime?
False
Is 1784221471 composite?
False
Is 48138696563 composite?
True
Is 125386069573 prime?
False
Is 24905934853 prime?
True
Is 5041855043 prime?
True
Is 3698261887 prime?
True
Is 17614848767 a prime number?
True
Is 573862207 composite?
False
Is 3395796009 composite?
True
Is 4965524017 a composite number?
False
Is 63974844917 a prime number?
False
Is 319234739 a composite number?
False
Is 5376460757 a prime number?
True
Is 338411449 composite?
False
Is 55184625187 composite?
False
Is 76479211 a composite number?
True
Is 2236374001 a composite number?
False
Is 4643955181 a prime number?
True
Is 62745348973 a composite number?
True
Is 608149783 prime?
False
Is 519123089 composite?
True
Is 231473436731 composite?
False
Is 2601776057 a composite number?
Fa